{"id":99839,"date":"2023-02-04T03:53:39","date_gmt":"2023-02-04T03:53:39","guid":{"rendered":"https:\/\/taqueriachilangos.com\/?page_id=99839"},"modified":"2023-02-18T02:05:48","modified_gmt":"2023-02-18T02:05:48","slug":"trabaja-con-nosotros","status":"publish","type":"page","link":"https:\/\/taqueriachilangos.com\/index.php\/trabaja-con-nosotros\/","title":{"rendered":"Trabaja Con Nosotros"},"content":{"rendered":"<section class=\"wpb-content-wrapper\"><section data-vc-full-width=\"true\" data-vc-full-width-init=\"false\" data-vc-stretch-content=\"true\" class=\"vc_row wpb_row vc_row-fluid  vc_custom_1675485487976   hongo-stretch-content hongo-stretch-content-fluid vc_row-o-equal-height vc_row-o-content-middle vc_row-flex  hongo_responsive_1675485487978\"><div class=\"wpb_column vc_column_container vc_col-has-fill col-xs-mobile-fullwidth vc_col-sm-12 vc_col-lg-8 vc_col-md-12 wow fadeInLeft\" data-wow-duration= 1200ms><div class=\"vc_column-inner vc_custom_1564394273294  hongo_responsive_1564394273297\"><div class=\"wpb_wrapper\"><div class=\"vc_row wpb_row vc_inner vc_row-fluid\"><div class=\"wpb_column vc_column_container col-xs-mobile-fullwidth vc_col-sm-5 wow fadeInLeft\" data-wow-duration= 1200ms><div class=\"vc_column-inner\"><div class=\"wpb_wrapper\"><div class=\"separator-style-2 vc_custom_1675480842664 separator-style2-1\"><\/div><div class=\"alt-font heading-style-3 vc_custom_1675480751297  hongo_responsive_1675480751298 heading-1 hongo-section-heading hongo_font_1675480751296\">Haz parte de nuestro equipo<\/div><div class=\"alt-font heading-style-5 vc_custom_1675483286253  hongo_responsive_1675483286255 heading-2 hongo-section-heading hongo_font_1675483286253\"><span>D\u00e9janos tus datos en el siguiente formulario y nuestro equipo de talento humano se encargar\u00e1 de revisar nuestras vacantes <br \/> <br \/> <br \/>No olvides dejarnos en el campo de mensaje la posici\u00f3n estas buscando<\/span><\/div><div class=\"alt-font heading-style-5 vc_custom_1675738296104  hongo_responsive_1675738296105 heading-3 hongo-section-heading hongo_font_1675738296104\"><span>Email: info.chilangos@gmail.com <\/span><\/div><div class=\"alt-font display-inline-block heading-style-3 vc_custom_1675482938302  hongo_responsive_1675482938303 heading-4 hongo-section-heading hongo_font_1675482938301\" data-wow-delay= 500ms data-wow-duration= 1500ms>Our Team<\/div><\/div><\/div><\/div><div class=\"wpb_column vc_column_container vc_col-has-fill col-xs-mobile-fullwidth vc_col-sm-7 wow fadeInLeft\" data-wow-duration= 1200ms><div class=\"vc_column-inner vc_custom_1564394242151  hongo_responsive_1564394242158\"><div class=\"wpb_wrapper\"><div class=\"alt-font heading-style-1 vc_custom_1675483340872 heading-5 hongo-section-heading hongo_font_1675483340871\">Completa el formulario y pronto nos pondremos en contacto!<\/div><div class=\"wpcf7 no-js\" id=\"wpcf7-f9658-o1\" lang=\"en-US\" dir=\"ltr\">\n<div class=\"screen-reader-response\"><p role=\"status\" aria-live=\"polite\" aria-atomic=\"true\"><\/p> <ul><\/ul><\/div>\n<form action=\"\/index.php\/wp-json\/wp\/v2\/pages\/99839#wpcf7-f9658-o1\" method=\"post\" class=\"wpcf7-form init\" aria-label=\"Contact form\" novalidate=\"novalidate\" data-status=\"init\">\n<div style=\"display: none;\">\n<input type=\"hidden\" name=\"_wpcf7\" value=\"9658\" \/>\n<input type=\"hidden\" name=\"_wpcf7_version\" value=\"5.7.2\" \/>\n<input type=\"hidden\" name=\"_wpcf7_locale\" value=\"en_US\" \/>\n<input type=\"hidden\" name=\"_wpcf7_unit_tag\" value=\"wpcf7-f9658-o1\" \/>\n<input type=\"hidden\" name=\"_wpcf7_container_post\" value=\"0\" \/>\n<input type=\"hidden\" name=\"_wpcf7_posted_data_hash\" value=\"\" \/>\n<\/div>\n<div class=\"hongo-contact-form-style-1\">\n\t<p><span class=\"wpcf7-form-control-wrap\" data-name=\"contact-name\"><input size=\"40\" class=\"wpcf7-form-control wpcf7-text wpcf7-validates-as-required\" aria-required=\"true\" aria-invalid=\"false\" placeholder=\"Name*\" value=\"\" type=\"text\" name=\"contact-name\" \/><\/span><br \/>\n<span class=\"wpcf7-form-control-wrap\" data-name=\"contact-email\"><input size=\"40\" class=\"wpcf7-form-control wpcf7-text wpcf7-email wpcf7-validates-as-required wpcf7-validates-as-email\" aria-required=\"true\" aria-invalid=\"false\" placeholder=\"E-mail*\" value=\"\" type=\"email\" name=\"contact-email\" \/><\/span><br \/>\n<span class=\"wpcf7-form-control-wrap\" data-name=\"contact-subject\"><input size=\"40\" class=\"wpcf7-form-control wpcf7-text\" aria-invalid=\"false\" placeholder=\"Subject\" value=\"\" type=\"text\" name=\"contact-subject\" \/><\/span><br \/>\n<span class=\"wpcf7-form-control-wrap\" data-name=\"contact-message\"><textarea cols=\"40\" rows=\"3\" class=\"wpcf7-form-control wpcf7-textarea\" aria-invalid=\"false\" placeholder=\"Your Message\" name=\"contact-message\"><\/textarea><\/span><br \/>\n<input class=\"wpcf7-form-control has-spinner wpcf7-submit btn btn-small alt-font\" type=\"submit\" value=\"SEND MESSAGE\" \/>\n\t<\/p>\n<\/div><p style=\"display: none !important;\"><label>&#916;<textarea name=\"_wpcf7_ak_hp_textarea\" cols=\"45\" rows=\"8\" maxlength=\"100\"><\/textarea><\/label><input type=\"hidden\" id=\"ak_js_1\" name=\"_wpcf7_ak_js\" value=\"78\"\/><script>document.getElementById( \"ak_js_1\" ).setAttribute( \"value\", ( new Date() ).getTime() );<\/script><\/p><div class=\"wpcf7-response-output\" aria-hidden=\"true\"><\/div><\/form><\/div><\/div><\/div><\/div><\/div><\/div><\/div><\/div><div class=\"wpb_column vc_column_container vc_col-has-fill col-xs-mobile-fullwidth vc_col-sm-12 vc_col-lg-4 vc_col-md-12 wow fadeInRight\" data-wow-delay= 300ms data-wow-duration= 1200ms><div class=\"vc_column-inner vc_custom_1675480860861  hongo_responsive_1675480860864\"><div class=\"wpb_wrapper\"><div class=\"hongo-testimonial-1 testimonial-style-3\"><div class=\"testimonial-icon\"><i class=\"fa-solid fa-quote-left base-color icon-small\" style=\"color:#232323;\"><\/i><\/div><div class=\"testimonial-content-title alt-font hongo_font_1675483755471\">\u00a1CHILANGOS!<\/div><div class=\"testimonial-content hongo_font_1675483755472\"><p>Una gran oportunidad para aportar y llevar la gastronom\u00eda mexicana al nivel m\u00e1s chido.<\/p>\n<\/div><div class=\"testimonial-meta\"><div class=\"testimonial-name hongo_font_1675483755469\">TEAM 2023<\/div><\/div><\/div><\/div><\/div><\/div><\/section><div class=\"vc_row-full-width vc_clearfix\"><\/div><section class=\"vc_row wpb_row vc_row-fluid\"><div class=\"wpb_column vc_column_container col-xs-mobile-fullwidth vc_col-sm-12\"><div class=\"vc_column-inner\"><div class=\"wpb_wrapper\"><div class=\"call-to-action-style-3 hongo-call-to-action-1\"><h2 class=\"call-to-action-title alt-font\">\u00bfTerminaste tu aplicaci\u00f3n? haz clic en el siguiente bot\u00f3n para ir a la pagina de inicio<\/h2><div class=\"action-button\"><a href=\"https:\/\/taqueriachilangos.com\/index.php\/home\/\" target=\"_self\" class=\"hongo_button_1675485984940 btn btn-transparent-base btn-round alt-font btn-small\">ir al inicio<\/a><\/div><\/div><\/div><\/div><\/div><\/section>\n<\/section>","protected":false},"excerpt":{"rendered":"Haz parte de nuestro equipoD\u00e9janos tus datos en el siguiente formulario y nuestro equipo de talento humano se encargar\u00e1 de revisar nuestras vacantes No olvides dejarnos en el campo de mensaje la posici\u00f3n estas buscandoEmail: info.chilangos@gmail.com Our TeamCompleta el formulario y pronto nos pondremos en contacto! &#916;\u00a1CHILANGOS!Una gran oportunidad para aportar y llevar la gastronom\u00eda mexicana al nivel m\u00e1s chido. TEAM 2023\u00bfTerminaste tu aplicaci\u00f3n? haz clic en el siguiente bot\u00f3n para ir a la pagina de inicioir al inicio","protected":false},"author":1,"featured_media":0,"parent":0,"menu_order":0,"comment_status":"closed","ping_status":"closed","template":"","meta":{"footnotes":""},"class_list":["post-99839","page","type-page","status-publish","hentry"],"_links":{"self":[{"href":"https:\/\/taqueriachilangos.com\/index.php\/wp-json\/wp\/v2\/pages\/99839","targetHints":{"allow":["GET"]}}],"collection":[{"href":"https:\/\/taqueriachilangos.com\/index.php\/wp-json\/wp\/v2\/pages"}],"about":[{"href":"https:\/\/taqueriachilangos.com\/index.php\/wp-json\/wp\/v2\/types\/page"}],"author":[{"embeddable":true,"href":"https:\/\/taqueriachilangos.com\/index.php\/wp-json\/wp\/v2\/users\/1"}],"replies":[{"embeddable":true,"href":"https:\/\/taqueriachilangos.com\/index.php\/wp-json\/wp\/v2\/comments?post=99839"}],"version-history":[{"count":11,"href":"https:\/\/taqueriachilangos.com\/index.php\/wp-json\/wp\/v2\/pages\/99839\/revisions"}],"predecessor-version":[{"id":100222,"href":"https:\/\/taqueriachilangos.com\/index.php\/wp-json\/wp\/v2\/pages\/99839\/revisions\/100222"}],"wp:attachment":[{"href":"https:\/\/taqueriachilangos.com\/index.php\/wp-json\/wp\/v2\/media?parent=99839"}],"curies":[{"name":"wp","href":"https:\/\/api.w.org\/{rel}","templated":true}]}}